128
Calculate the highest common factor of 2781 and 3193.
103
What is the greatest common divisor of 136594 and 1141?
163
What is the highest common divisor of 2108 and 24366?
62
What is the highest common divisor of 163947 and 629?
37
Calculate the greatest common factor of 59923 and 93.
31
Calculate the highest common divisor of 606 and 78.
6
Calculate the highest common factor of 164 and 16892.
164
What is the highest common divisor of 452 and 56161?
113
What is the highest common factor of 9065 and 784?
49
What is the highest common factor of 408 and 19464?
24
What is the greatest common divisor of 150870 and 1712?
214
What is the greatest common factor of 11 and 484?
11
What is the highest common factor of 100 and 288275?
25
Calculate the highest common divisor of 387 and 857979.
387
Calculate the greatest common divisor of 9 and 680469.
3
Calculate the greatest common divisor of 59186 and 3434.
202
What is the highest common divisor of 829719 and 612?
153
Calculate the greatest common factor of 1585 and 48184.
317
Calculate the highest common factor of 865 and 79061.
173
Calculate the highest common divisor of 382 and 1466689.
191
Calculate the greatest common factor of 987020 and 340.
340
Calculate the highest common factor of 126456 and 132.
132
Calculate the greatest common divisor of 38763 and 5133.
177
What is the highest common factor of 4475 and 222855?
895
Calculate the highest common divisor of 16 and 11366.
2
Calculate the greatest common divisor of 1895 and 494216.
379
Calculate the greatest common factor of 1260857 and 26.
13
What is the highest common factor of 624 and 586950?
78
What is the greatest common factor of 11430 and 7110?
90
Calculate the highest common divisor of 15 and 35215.
5
What is the highest common factor of 1780 and 49395?
445
What is the greatest common divisor of 9062 and 8274?
394
Calculate the highest common divisor of 22275 and 73975.
275
Calculate the greatest common divisor of 241 and 1777134.
241
What is the highest common divisor of 182 and 48932?
26
What is the greatest common factor of 3854603 and 166?
83
What is the highest common factor of 53457 and 1557?
519
Calculate the highest common factor of 544 and 24704.
32
Calculate the greatest common factor of 2968 and 2536.
8
What is the greatest common divisor of 3248 and 30624?
464
What is the highest common divisor of 476 and 77672?
28
Calculate the greatest common divisor of 59596 and 951.
317
Calculate the highest common factor of 2361288 and 16.
8
Calculate the greatest common divisor of 4965 and 360.
15
What is the greatest common factor of 575 and 242765?
115
What is the greatest common factor of 162 and 32?
2
Calculate the greatest common factor of 760 and 6203120.
760
What is the greatest common factor of 3 and 12333?
3
What is the highest common divisor of 160 and 2364440?
40
Calculate the highest common divisor of 1727 and 187.
11
Calculate the greatest common factor of 2904 and 594.
66
What is the greatest common factor of 9 and 39969?
9
Calculate the highest common factor of 661671 and 333.
333
What is the highest common divisor of 21602 and 4648?
14
Calculate the greatest common divisor of 26 and 2483.
13
What is the highest common factor of 801996 and 1272?
636
What is the greatest common factor of 115 and 43631?
23
What is the highest common factor of 15 and 7023?
3
What is the highest common divisor of 760912 and 48?
16
Calculate the highest common factor of 855 and 195.
15
What is the highest common factor of 688 and 6736?
16
Calculate the greatest common factor of 2891 and 1379.
7
Calculate the greatest common factor of 125 and 21350.
25
Calculate the greatest common factor of 1530 and 6570.
90
Calculate the greatest common divisor of 712 and 193486.
178
What is the highest common factor of 3092895 and 65?
65
Calculate the greatest common divisor of 108629 and 529.
23
Calculate the greatest common factor of 24 and 275928.
24
Calculate the greatest common divisor of 20 and 657650.
10
What is the highest common divisor of 726 and 8019?
33
What is the greatest common divisor of 352 and 28192?
32
What is the highest common factor of 92 and 40986?
46
Calculate the greatest common divisor of 116532 and 189.
27
Calculate the greatest common divisor of 66 and 77055.
33
What is the greatest common divisor of 38206 and 21?
7
What is the highest common factor of 19380 and 252?
12
What is the greatest common factor of 52824 and 376?
8
What is the greatest common divisor of 32 and 362144?
32
What is the highest common divisor of 68614 and 15210?
338
Calculate the greatest common factor of 80 and 266120.
40
Calculate the greatest common divisor of 8087032 and 248.
248
What is the greatest common factor of 4820 and 80?
20
Calculate the greatest common factor of 7686612 and 2384.
596
Calculate the highest common divisor of 22334 and 299.
13
What is the greatest common factor of 202 and 72922?
202
What is the highest common factor of 144441 and 7821?
99
What is the greatest common divisor of 29 and 487867?
29
Calculate the highest common factor of 10545 and 1425.
285
Calculate the highest common factor of 1449117 and 843.
843
What is the greatest common factor of 41085 and 8250?
165
What is the greatest common factor of 1284 and 48471?
321
What is the greatest common factor of 168 and 66108?
84
What is the highest common factor of 2624 and 3968?
64
Calculate the greatest common divisor of 30 and 3385215.
15
What is the highest common divisor of 2008 and 19829?
251
What is the highest common factor of 156 and 188?
4
What is the highest common factor of 225704 and 3560?
712
Calculate the greatest common factor of 9168542 and 102.
34
Calculate the highest common factor of 759 and 92460.
69
Calculate the highest common divisor of 1389 and 249.
3
Calculate the highest common factor of 60 and 87570.
30
What is the highest common divisor of 118164 and 444?
12
What is the highest common divisor of 188690 and 15?
5
Calculate the highest common factor of 462 and 59766.
42
Calculate the greatest common divisor of 3025 and 2057.
121
Calculate the highest common factor of 7622 and 9682.
206
Calculate the greatest common factor of 459 and 43503.
51
What is the highest common factor of 640 and 542592?
128
What is the greatest common factor of 30739 and 3126?
521
Calculate the greatest common divisor of 128 and 735104.
128
What is the greatest common divisor of 19436 and 1978?
86
Calculate the highest common divisor of 176 and 281468.
44
Calculate the greatest common divisor of 28 and 3294256.
28
What is the greatest common divisor of 7996 and 2268?
4
What is the highest common factor of 1258 and 52762?
74
Calculate the greatest common divisor of 638 and 27782.
58
Calculate the greatest common divisor of 729 and 622944.
27
Calculate the highest common factor of 13245 and 180.
15
What is the highest common factor of 4428 and 4572?
36
Calculate the greatest common divisor of 11974 and 10.
2
Calculate the greatest common divisor of 11154 and 1518.
66
What is the highest common divisor of 7828 and 8137?
103
What is the greatest common factor of 23 and 1930459?
23
Calculate the greatest common divisor of 6747 and 149991.
519
Calculate the greatest common factor of 26248 and 579.
193
Calculate the highest common factor of 33008 and 32.
16
What is the greatest common factor of 4288 and 75584?
64
What is the highest common factor of 21438 and 216?
54
What is the greatest common factor of 6348 and 2734401?
1587
What is the greatest common factor of 975324 and 24?
12
What is the highest common factor of 364 and 17654?
182
Calculate the greatest common factor of 247515 and 1740.
435
What is the highest common factor of 171031 and 159?
53
What is the greatest common factor of 6119 and 377?
29
Calculate the greatest common divisor of 777 and 3633.
21
What is the greatest common factor of 12 and 49923?
3
Calculate the highest common factor of 1665 and 95130.
45
What is the greatest common factor of 88728 and 984?
24
What is the greatest common divisor of 256 and 1136?
16
What is the highest common factor of 150 and 349515?
15
What is the highest common divisor of 150 and 1334650?
50
Calculate the greatest common divisor of 545 and 318934.
109
Calculate the greatest com